664. Let w = g - -526. Calculate the remainder when w is divided by 4.
3
Calculate the remainder when 3131/4 - (-1278)/(-1704) is divided by 258.
8
Let j(b) = b**3 - 4*b**2 - 14*b + 17. Let h be j(6). Let x(o) = o**3 + 3*o**2 + 3*o - 29. Calculate the remainder when x(h) is divided by 21.
18
Suppose 92*a - 93*a + 3*w + 154 = 0, -6*a + 1108 = 5*w. What is the remainder when a is divided by 54?
16
Let d(s) = -s**3 + 12*s**2 + 6*s - 12. Let m be d(4). Let g = m + -102. What is the remainder when 185 is divided by g?
33
Let m be (-6)/(-3 + (-2)/(-162)*237). Suppose -625 + m = -8*p. Calculate the remainder when p is divided by 26.
16
Suppose -5*c - 4*t + 94 = -16, -5*t = 2*c - 27. Calculate the remainder when 3496 is divided by c.
12
Let h = -20 - -76. Suppose 3*o + 4 - 40 = 0. What is the remainder when h is divided by 92/6 + 12 + (-148)/o?
11
Let j be (-8)/20 + 22/5. Suppose -j*l = -78 - 38. Calculate the remainder when l is divided by (2222/(-1919))/((-15)/((-2565)/(-18))).
7
Suppose -3*q + 4*t + 180 = 2*q, -3*q + 115 = -t. Let m(w) = 27*w**2 - 38*w + 83. Calculate the remainder when m(2) is divided by q.
35
Let a = 436 + -403. What is the remainder when 339 is divided by (-64)/(-3) - (-3 - (-143)/a)?
19
Let m(w) = w**2 + 8*w - 25. Suppose 2*k + k = 6. Suppose 0 = v + 3*f - 26, -46 = -2*v + k*f - 5*f. Calculate the remainder when m(6) is divided by v.
19
Let k(u) = u**2 + 15*u - 11. Let i = 82 + -98. Let r be k(i). Suppose -p - d + 49 - 13 = 0, -3*d - 220 = -r*p. What is the remainder when 77 is divided by p?
36
Let d(z) = -42*z + 90. Let l = 0 + 2. Suppose -f + 3*g + l = 1, 0 = -4*f - 2*g + 46. What is the remainder when f is divided by d(2)?
4
Let u be 7/((-3)/(-18)*7). Suppose u*w - 132 = -12. Calculate the remainder when 56 is divided by w.
16
Calculate the remainder when 167 is divided by (3 - (-86)/(-6))/((-70)/525).
82
Suppose c + c = -2*c. Suppose -g - 4*a - 10 = 8, 5*a + 25 = c. Calculate the remainder when 47 is divided by (g + -15)/(2 - 3).
8
Let w(q) = 108*q - 748. Calculate the remainder when w(10) is divided by 187.
145
Suppose 0 = -p + 3*p - 4, -5*p = s - 14. Let l(n) = 4*n - 19. Let h be l(s). What is the remainder when (-582)/18*(1 - 0)*h is divided by 25?
22
Let q(m) = -71*m - 66. Let t be q(-1). Suppose 3*u - 624 = -3*y, -4 = t*y + 11. What is the remainder when u is divided by 9?
4
Calculate the remainder when 1334 is divided by -1*(3 - -5) - 902/(-82).
2
Let d be (-12*96/(-90))/(3/15). Let k(u) = 6*u**2 + 2*u - 3. What is the remainder when k(-3) is divided by (d/12)/((-10)/(-225)*5)?
21
Let z(n) = 11*n**2 - 152*n + 45. Calculate the remainder when 87 is divided by z(14).
14
Suppose -590 = -3*a - 63*f + 61*f, a - 206 = -2*f. Calculate the remainder when 382 is divided by a.
190
Suppose 93 + 77 = -4*z - b, -214 = 5*z + 2*b. Calculate the remainder when (36/8)/(z/(-2828)) is divided by 14.
9
Suppose -2 = -77*u + 79*u. What is the remainder when (-4)/(-6) - 110/(-6) is divided by (-1 - -4)*u/(-3) - -4?
4
Let v = -1878 + 1889. What is the remainder when 41 is divided by v?
8
Suppose 0 = -3*c + 5*x + 19, -5*c = 6*x - 5*x - 41. Suppose 0*y = c*y - 128. Calculate the remainder when 76 is divided by y.
12
Let q(j) = -j**3 + 9*j**2 + 24*j - 8. Suppose 3*t - 8*t = 5*u - 115, -3*u + 2*t = -94. Let o = 81 - u. Calculate the remainder when o is divided by q(11).
11
Suppose 5*d = -4*f + 22171, 158*d = 154*d + 2*f + 17716. Calculate the remainder when d is divided by 31.
29
Let u(v) = -20*v**3 - 51*v**2 - 162*v - 6. What is the remainder when u(-3) is divided by 71?
64
Suppose 3*h = h + 14. Let r(w) = -2*w**2 + 7*w - 3. Let c be r(h). Let t = -46 - c. What is the remainder when 15 is divided by t?
3
Suppose 4*y = 5*i + 766, -2*y + i + 423 - 31 = 0. Calculate the remainder when 5371 is divided by y.
197
Suppose 5*p = -3*j + 1616, -p + 302 = 4*j - 1847. Calculate the remainder when j is divided by 54.
51
Let t(d) = d + 1. Let q be t(19). Suppose 30 - q = n. Suppose -4*l + 2*l + n = 0. What is the remainder when l is divided by 5?
0
Suppose 5*n - 2 = 63. Let v(q) = 3*q**2 - q + 7. Suppose p = -4*b - 18, 2*b + 2*p = -b - 16. What is the remainder when v(b) is divided by n?
7
Calculate the remainder when 1379 is divided by ((-105)/(-84) - 5)/(6/(-32)).
19
Let f = 1 + 231. What is the remainder when f is divided by 72?
16
Let a be 90/(-6) - 0 - -4. Let p(c) = c**2 + 10*c + 4. Calculate the remainder when 35 is divided by p(a).
5
Let g(r) = -r**2 + 10*r + 237. Let v(j) = 5*j**2 - 3*j - j + 1 + 1. What is the remainder when v(2) is divided by g(21)?
2
Suppose t + 5*v - 8 = 71, 2*v - 226 = -4*t. What is the remainder when t is divided by (-3405)/(-105) - 24/56?
22
Let s(d) = -17*d - 143. Let r be -9 - (1/(-2) + 4/8). Calculate the remainder when 99 is divided by s(r).
9
Let k = -115 + 131. Let w(t) = -13*t**2 + 209*t - 9. Let y(j) = -j + 7. Calculate the remainder when w(k) is divided by y(6).
0
Suppose 4*p - 11 = -5*x + 266, -3*x = 4*p - 171. Let j = 490 - 227. What is the remainder when j is divided by x?
51
Let y(h) = -2*h**3 + 25*h**2 + 14*h + 33. Let u = 5 - 7. What is the remainder when y(13) is divided by -1 - (u + -27 - -4)?
22
Suppose -3*h + 145 = -4*k + 5*k, 0 = -5*h - 4*k + 244. Suppose -v + h = -9*v. Let d(n) = -7*n - 4. Calculate the remainder when d(v) is divided by 8.
6
Suppose 0 = -29*c + 31*c - 888. Let m = -400 + c. What is the remainder when m is divided by 24?
20
Let k(n) = n**3 - n**2 - 45*n + 163. Calculate the remainder when 73 is divided by k(5).
35
Let o be (-3088)/32*2*-1. Let b = o - 119. Calculate the remainder when 295 is divided by b.
73
Let a(w) = -w**2 - 16*w + 1. Let x(s) = -s**3 - 8*s**2 + 2*s - 2. Let t be x(-9). Suppose 23 + t = -6*z. Calculate the remainder when 173 is divided by a(z).
28
Suppose 54*s - 12*s - 5670 = 0. Calculate the remainder when s is divided by 3.
0
Let p(j) = 16*j + 942. What is the remainder when 300 is divided by p(-54)?
66
Let j = 5619 - 5214. Calculate the remainder when 1233 is divided by j.
18
Let v be ((-4)/(-3))/(8/12). Suppose 0 = -8*z + 11 + 2645. What is the remainder when (z/6)/(v/3) is divided by 17?
15
Let q(v) = -v**2 + 4*v + 164. Let p(x) = 2*x + 83. Let d(k) = 5*p(k) - 3*q(k). What is the remainder when 271 is divided by d(-5)?
7
Suppose 367 + 1221 = -26*c + 33360. What is the remainder when c is divided by 19?
6
Let a(i) = i + 352. What is the remainder when a(-5) is divided by 12?
11
Calculate the remainder when 20788/28 + (-628)/(-1099) is divided by 182.
15
Let i be 0 - (-1)/((-1 - 3)/(-12)). Suppose 35 = i*u + 10*c - 12*c, -4 = -2*c. What is the remainder when u is divided by 4?
1
Suppose 7*z - 135 + 72 = 0. What is the remainder when 475 is divided by z?
7
Let w(l) = 24*l**2 - 2*l + 1. Suppose -2 = b - 3*b. Suppose h + 4*z - 40 = 0, -15*h = -18*h + z + 16. Calculate the remainder when w(b) is divided by h.
7
Let z(y) = -y**3 + 12*y**2 + 20*y - 32. Let s be z(14). Let g = s + 148. What is the remainder when 29 is divided by g?
1
Calculate the remainder when 1842/6 + 7 - 10 is divided by 83.
55
Suppose -66*r - 18768 = -134*r. What is the remainder when r is divided by 13?
3
Suppose -29993 - 25824 + 12452 = -59*o. Calculate the remainder when o is divided by 53.
46
Let x(r) = 8*r**2 + 3*r - 2. Let f(g) = g**3 + 10*g**2 - 12*g - 10. Let t be f(-11). Let w = -2 + 7. Calculate the remainder when x(t) is divided by w.
4
Suppose -2*i = 4*p + 6 + 8, p = -5*i - 35. Let d be (3/4)/(i/(-28)). Suppose 6 + d = t. What is the remainder when t is divided by 4?
1
Let d = -4760 + 4805. Let s(o) = 105*o**3 - 2*o + 2. What is the remainder when s(1) is divided by d?
15
Let z = 12474 - 4700. Calculate the remainder when z is divided by 81.
79
Suppose 5*p + 354 = 534. Suppose 13*h - 276 = p. Calculate the remainder when 69 is divided by h.
21
Suppose x + 61 - 143 = 0. Suppose 5 = -4*h - 15, 4*h + 19 = d. Calculate the remainder when x is divided by d*(-21 + -6*(-8)/12).
14
Let z = -2130 - -2148. Let t = -124 - -158. What is the remainder when t is divided by z?
16
Let n(v) = -v**3 - 7*v**2 + 18. Let u be n(-7). Let l be ((-4436)/18)/(-2) - 4/u. Let a = l + -65. What is the remainder when a is divided by 23?
12
Let u(p) = p**3 - 8*p**2 + 13*p - 7. Let q be u(4). Let c(w) = -25*w - 4 - 2